*3 + 4*w**2 - 5*w - 5. Give h(-2).
29
Let p(i) = 179*i + 1781. Give p(-10).
-9
Let a(u) = 6*u**3 + 9*u**2 + 13*u + 3. What is a(-2)?
-35
Let s(b) = -b**3 - 11*b**2 + 46*b + 282. Calculate s(-4).
-14
Let b(s) = s**2 - 10*s - 1. Give b(3).
-22
Let s(o) = 1360*o - 2708. Determine s(2).
12
Let y(w) = -2*w**2 - 123*w - 1619. Determine y(-20).
41
Let z(h) = h**2 + 162*h + 3239. What is z(-139)?
42
Let h(w) = 17*w + 309. Determine h(-19).
-14
Let u(x) = -x**2 - 125*x + 2584. Give u(-143).
10
Let y(p) = -11*p**3 - 5*p**2 - 3*p - 16. What is y(0)?
-16
Let y(d) = -d**3 - 73*d**2 - 76*d - 378. Determine y(-72).
-90
Let t(c) = 28*c + 158. Calculate t(-12).
-178
Let p(n) = -n**3 + 22*n - 19. Give p(-5).
-4
Let t(o) = 40*o**2 + 9*o - 14. Give t(2).
164
Let z(r) = -r**3 + 110*r**2 - 1799*r - 84. Calculate z(90).
6
Let w(h) = 4*h**3 + 43*h**2 - 176*h + 88. What is w(-14)?
4
Let h(l) = 5*l**2 - 26*l + 42. Determine h(3).
9
Let i(v) = -1218*v + 112066. What is i(92)?
10
Let h(c) = -11*c - 93. Give h(-11).
28
Let w(l) = 12*l - 377. Give w(19).
-149
Let v(k) = -13759*k + 82548. Give v(6).
-6
Let y(x) = -22*x - 327. What is y(-14)?
-19
Let u(x) = 1394*x - 68293. Calculate u(49).
13
Let g(j) = j**3 + 64*j**2 - 418*j + 129. Calculate g(-70).
-11
Let s(u) = -2*u**2 + 3562*u - 7120. What is s(2)?
-4
Let i(g) = 2*g**3 + 2*g**2 + 10*g + 9. What is i(-4)?
-127
Let z(i) = -20*i - 767. Give z(-42).
73
Let t(y) = -11*y - 146. Calculate t(-14).
8
Let s(m) = -2*m**2 + 30*m + 1535. Calculate s(-22).
-93
Let p(u) = u**2 - 46*u + 796. Give p(34).
388
Let c(z) = -5*z - 117. Determine c(12).
-177
Let v(l) = -15*l**2 - 195*l - 7. What is v(-13)?
-7
Let z(y) = -y**3 - 19*y**2 + 33*y + 199. Calculate z(-20).
-61
Let t(b) = b**2 - 102*b + 2101. What is t(77)?
176
Let p(i) = 4*i**3 + 60*i**2 - 257*i - 3853. What is p(-15)?
2
Let t(c) = -c**3 + 9*c**2 + 12*c - 42. Give t(11).
-152
Let n(l) = -7*l**3 - 7*l**2 - 4*l - 3. Calculate n(-1).
1
Let y(m) = 4*m**2 + 67*m + 124. Give y(-2).
6
Let p(n) = -63*n + 879. Determine p(14).
-3
Let p(m) = 30*m**3 - 5*m**2 + 44*m - 79. What is p(2)?
229
Let y(f) = 4*f + 129. Calculate y(-34).
-7
Let i(m) = 13*m**3 + 296*m**2 + 220*m - 13. Calculate i(-22).
-13
Let q(j) = 47*j**2 - 78*j - 4. Calculate q(2).
28
Let c(q) = -2*q**3 + 6*q**2 + 79*q - 344. What is c(5)?
-49
Let b(o) = 4*o**2 - 184*o - 1344. What is b(-7)?
140
Let h(x) = -7*x**2 - 2*x + 3. Determine h(-1).
-2
Let l(x) = -25*x + 221. What is l(37)?
-704
Let y(p) = -p**2 - 768*p - 18580. Determine y(-25).
-5
Let t(u) = u**3 - 14*u**2 - 67*u - 36. Give t(18).
54
Let h(k) = -k**3 - 87*k**2 + 4270*k - 5. Give h(-122).
-5
Let a(w) = -2*w**3 + 17*w**2 + 4*w - 99. Determine a(8).
-3
Let o(s) = 251*s**2 - 129*s - 1. Give o(1).
121
Let u(b) = 2*b + 22. What is u(36)?
94
Let a(j) = -2*j**3 - 41*j**2 + 13*j - 1. Calculate a(0).
-1
Let r(x) = 2*x**2 - 30*x - 37. Determine r(17).
31
Let z(a) = -3*a**3 - 10*a**2 + 44*a + 249. Give z(-5).
154
Let s(z) = z**3 + 11*z**2 - 40*z. Calculate s(-14).
-28
Let q(c) = -2*c**2 + 3*c - 23. What is q(11)?
-232
Let s(n) = -n**3 - 20*n**2 + 22*n + 23. Determine s(-21).
2
Let c(w) = -13*w**3 + 1221*w**2 + 86*w + 751. What is c(94)?
-1
Let m(p) = -330*p - 38616. Calculate m(-117).
-6
Let n(u) = -u**2 - 7*u + 62. Give n(-18).
-136
Let g(r) = 359*r - 2810. Calculate g(8).
62
Let l(v) = 4*v**2 + 323*v + 2122. Give l(-7).
57
Let b(u) = -u**3 - 12*u**2 - 24*u - 10. What is b(-11)?
133
Let o(b) = -b**2 + 11*b + 729. Calculate o(33).
3
Let c(b) = -3*b**3 + 10*b**2 - 6*b + 1. Give c(3).
-8
Let j(n) = -84*n**2 + 3*n - 4. Calculate j(1).
-85
Let i(r) = -r**2 - 43*r - 95. What is i(-42)?
-53
Let i(h) = -4*h**2 + 75*h - 368. Determine i(8).
-24
Let z(l) = l**3 - 23*l**2 - 2*l + 299. What is z(22)?
-229
Let p(m) = -51*m + 686. Calculate p(12).
74
Let z(t) = 6*t**2 - 3*t - 10. Calculate z(4).
74
Let g(q) = -q**3 + 5*q**2 - 110*q + 713. Determine g(6).
17
Let x(m) = -23*m - 118. Calculate x(-5).
-3
Let t(y) = -9*y + 195. Calculate t(34).
-111
Let x(u) = 13*u**2 + 13*u - 23. Give x(-5).
237
Let j(y) = -72*y + 2257. Determine j(31).
25
Let w(d) = 49*d + 224. Give w(-5).
-21
Let b(d) = -2*d**2 + 320*d + 3047. Determine b(169).
5
Let v(b) = 2*b**3 + 295*b**2 - 147*b + 127. Give v(-148).
-21
Let q(i) = -2*i**2 - 58*i + 64. Determine q(-30).
4
Let n(c) = 177*c - 10552. Determine n(60).
68
Let j(w) = 11*w**3 - 2*w**2 + 8*w + 6. Calculate j(-1).
-15
Let g(z) = -z**2 - 18*z - 42. Calculate g(-11).
35
Let j(p) = 71*p - 4444. Calculate j(63).
29
Let j(u) = -2*u**3 - 15*u**2 - 3*u + 6. Give j(4).
-374
Let v(p) = 7*p - 221. Give v(29).
-18
Let r(o) = -177*o - 173. Calculate r(2).
-527
Let l(g) = -3*g**3 + 332*g**2 + 107*g + 449. Give l(111).
5
Let o(w) = 375*w - 36014. What is o(96)?
-14
Let z(m) = 383*m + 8810. Determine z(-23).
1
Let n(m) = -m**2 + 1041*m - 5178. Give n(5).
2
Let g(c) = 181*c + 673. Give g(-4).
-51
Let z(w) = -35*w + 71. Determine z(-5).
246
Let p(h) = 3*h**2 + 183*h + 891. Give p(-5).
51
Let d(u) = 19*u**2 + 106*u + 36. Calculate d(-5).
-19
Let x(h) = -h**2 + 22*h + 381. Give x(-11).
18
Let w(p) = -32*p + 65. Calculate w(2).
1
Let h(q) = -689*q**2 - 15155*q + 86. Determine h(-22).
20
Let j(l) = l**3 - 13*l**2 - 42*l - 53. What is j(16)?
43
Let n(f) = -683*f + 55997. Determine n(82).
-9
Let v(h) = h**3 - 88*h**2 + 339*h - 244. What is v(84)?
8
Let y(u) = -380*u + 7596. Give y(20).
-4
Let f(p) = -13*p**3 + 2*p**2 + 6*p + 5. Give f(-1).
14
Let y(v) = v**3 + 25*v**2 - 25*v - 11. Determine y(-26).
-37
Let x(d) = 3*d**2 - 3*d + 6. Determine x(3).
24
Let y(l) = -22*l - 29. Calculate y(23).
-535
Let l(h) = 1174*h + 163183. What is l(-139)?
-3
Let z(b) = 8*b + 298. Give z(-22).
122
Let z(t) = -15*t + 1116. Calculate z(75).
-9
Let l(d) = 21*d + 135. Give l(-18).
-243
Let c(n) = 4*n**2 + 90*n + 357. What is c(-4)?
61
Let l(n) = -n**3 + 7*n**2 + 20*n - 106. Determine l(8).
-10
Let i(a) = -35*a**2 - 666*a - 27. Determine i(-19).
-8
Let s(q) = -9*q**2 + 116*q - 29. Give s(12).
67
Let v(u) = -274*u - 45221. Give v(-165).
-11
Let p(f) = 686*f + 10972. Give p(-16).
-4
Let f(l) = -l**3 - 7*l**2 + 23*l + 222. Give f(-8).
102
Let t(h) = 2*h**2 - 310*h + 5600. What is t(20)?
200
Let b(h) = 30*h**3 - h**2 + 2*h + 3. What is b(-1)?
-30
Let l(g) = -2*g**3 + 35*g**2 - 79*g + 1586. Calculate l(18).
-160
Let n(u) = 5*u + 111. Determine n(-12).
51
Let h(x) = -17*x + 50. Determine h(10).
-120
Let f(x) = -86*x - 787. Give f(-10).
73
Let d(j) = -460*j - 449. What is d(-1)?
11
Let h(r) = r**3 - 24*r**2 - 81*r + 1373. Calculate h(24).
-571
Let d(j) = 2*j**2 + 38*j - 61. What is d(-22)?
71
Let t(m) = 32*m - 345. Determine t(19).
263
Let d(i) = -97*i - 1139. Calculate d(-11).
-72
Let t(f) = 146*f - 34. Calculate t(4).
550
Let i(g) = -7*g**2 + 86*g + 21. What is i(13)?
-44
Let d(h) = 5*h**2 + 33*h - 18. What is d(-11)?
224
Let g(a) = 61*a - 6. Determine g(1).
55
Let g(k) = 3*k + 5. Calculate g(2).
11
Let k(c) = c**2 - 29*c - 175. Calculate k(39).
215
Let k(r) = -156*r + 1167. Calculate k(7).
75
Let r(i) = i**3 + 5*i**2 - 58*i - 199. Determine r(-8).
73
Let u(g) = g**3 + 8*g**2 - 316*g - 2795. Give u(-9).
-32
Let w(z) = -z**3 + 56*z**2 - 52*z - 168. Calculate w(55).
-3
Let a(y) = -y**3 + 2*y**2 + 7*y + 41. Calculate a(5).
1
Let c(g) = -106*g + 5027. Determine c(48).
-61
Let v(f) = -f**2 - 108*f - 2851. Calculate v(-47).
16
Let m(v) = 29*v**2 - 168*v - 168. Give m(-1).
29
Let m(u) = -16*u + 68. Give m(2).
36
Let v(x) = 9*x**2 + 27*x + 156. Calculate v(-4).
192
Let x(d) = -d**2 - 141*d + 3049. Give x(19).
9
Let w(u) = -5*u**3 + 10*u**2 - 3*u + 3. Determine w(1).
5
Let q(r) = -11*r**2 + 11*r + 1. What is q(2)?
-21
Let c(i) = 449*i + 6260. What is c(-14)?
-26
Let a(o) = -o**3 + 43*o**2 - 335*o + 60. Give a(33).
-105
Let s(u) = 408*u + 1224. What is s(-3)?
0
Let h(r) = -68*r - 69. Determine h(-2).
67
Let r(j) = -12*j**3 + 11*j**2 + 9*j - 3. Determine r(-1).
11
Let k(d) = d**2 - 62*d + 963. What is k(33)?
6
Let s(h) = 86*h**2 - 11*h - 1. What is s(2)?
321
Let i(q) = 26*q + 2240. What is i(-81)?
134
Let i(y) = 5*y - 37. Calculate i(-7).
-72
Let n(b) = -b**3 - 12*b**2 - 32*b - 9. Determine n(-8).
-9
Let v(u) = u**3 + 5*u**2 + 5*u + 74. What is v(-6)?
8
Let c(f) = -3*f**2 - 19*f + 96. Calculate c(3).
12
Let q(w) = -13*w**2 + 5